uppose -4*y + 13 = 25*t - 28*t, 2*y - 8 = 2*t. Let h be 2/27*t + 260/117. Let s(i) be the third derivative of -i**4/24 + i**3/6 - i**2. Give s(h).
-1
Let g(y) be the second derivative of y**5/20 - 5*y**4/12 - 7*y**3/6 + 4*y**2 + 3*y. Let l = -173 - -179. Give g(l).
2
Let i(v) = -2*v**2 - 8*v + 22. Let j be i(-6). Let m(s) = -5*s**2 - 4*s - 2. Calculate m(j).
-14
Let o(l) = l**3 + 8*l**2 + 6*l - 2. Let s be (-4)/(-6)*819/(-78). Give o(s).
5
Let i(u) be the first derivative of u**4/24 - 3*u**2/2 - 4. Let y(o) be the second derivative of i(o). Suppose 34 = 5*p - 4*x, -4*p + 5 + 20 = -x. Give y(p).
6
Let n(x) be the third derivative of x**6/120 + 3*x**5/20 + 5*x**4/24 - 2*x**3/3 + x**2 - 31*x. Give n(-8).
20
Let y(n) = -n**2 - n + 28. Suppose -15*w = -0*w + 90. Give y(w).
-2
Let c = -484 + 486. Let y(k) be the second derivative of 0 - 4*k + 3/2*k**c - 1/3*k**3. Determine y(3).
-3
Let l = -9 - -1. Let b(h) = h + 1. Give b(l).
-7
Let w(c) = 1 + 1134*c - 2 - 1129*c. Calculate w(-2).
-11
Let a(t) = -10*t - 1. Let l be a(-2). Let d = l - 13. Let f(b) be the second derivative of -b**5/20 + b**4/2 - b**3/3 + 4*b**2 - b. Calculate f(d).
-4
Let t(d) = 4*d - 35. Let z(a) = -10*a + 78. Let v(w) = -7*t(w) - 3*z(w). Give v(-13).
-15
Suppose -72 = -59*f + 71*f. Let b(p) = -1 - 2*p + p + 0*p. Determine b(f).
5
Let r = -32 - -41. Suppose -o + r = 10. Let c(g) = -g**2 - 3*g - 1. Calculate c(o).
1
Let t(f) be the third derivative of f**5/30 + 5*f**4/24 + 5*f**3/6 + 4*f**2. Let m be (-64)/(-40) - (-28)/(-5). What is t(m)?
17
Let h(c) be the third derivative of 0*c - 7/6*c**3 + 33*c**2 - 1/60*c**5 + 7/24*c**4 + 0. Suppose 0 = 2*j - 2*m - 20, 0 = -5*j - m - m + 22. Give h(j).
-1
Let p(o) = 0 - 5 - o - 7 + 15. Calculate p(5).
-2
Let q(t) = t + 2. Suppose 0 = k + 4*v - 5, 7*k - 9 = 2*k - 4*v. Suppose -8*m - 25 = -k. Let p(u) = -3. Let w(g) = m*q(g) - 4*p(g). What is w(6)?
-12
Let x(n) = -25*n - 19. Let p(i) = 9*i + 7. Let d(b) = 11*p(b) + 4*x(b). Calculate d(2).
-1
Let n(r) = r**2. Suppose 2*x = -2*u + 6, 0*u - u = 2*x - 9. Let w(g) = 5*g**2 - 4*g + 2. Let h(z) = x*n(z) - w(z). Calculate h(-6).
10
Let y(x) = -2 + 415*x**2 - 828*x**2 - 3*x + 412*x**2 + 12. What is y(-7)?
-18
Let q(i) = -2915*i**2 - 2 + 5*i + 1457*i**2 + 1455*i**2. Give q(2).
-4
Suppose 2*f + 6 = -0*f + 2*p, 4*f + 5*p = -21. Let c be 1 + 4/(-8)*f. Suppose 0 = -c*z + 4 + 2. Let t(r) = r**3 - 4*r**2 + 4*r - 3. Give t(z).
-3
Let t = -187 - -375/2. Let v(a) be the second derivative of 1/6*a**3 + 5/12*a**4 + 1/20*a**5 + 0 - t*a**2 - 5*a. What is v(-4)?
11
Suppose 5*z + 5*v = 10, -4*v + 3 = 2*z - 7. Let w(i) = -8*i**2 + 2*i + 1. Calculate w(z).
-9
Let c(r) = r + 6. Let n be c(-2). Let s(f) = -3 - 3*f - n - 5*f - f**2 + 3. What is s(-9)?
-13
Let f be 86/3 - -2 - 18/27. Let p = f - 26. Let k(t) = -3*t - 5. Give k(p).
-17
Let x(f) = f**3 - 4*f + 3. Suppose 7*z - 24 = 9*z. Let o be ((-3 + 1)/(-6))/((-2)/z). Determine x(o).
3
Let t(q) be the first derivative of -q**4/4 + 2*q**3 - 4*q**2 + 6*q + 45. Give t(5).
-9
Let q(o) = -o - 6. Let j be q(-12). Let h be 7 + j*(-4)/6. Let z(i) be the second derivative of i**4/12 - i**3 + i**2 + i. Determine z(h).
-7
Let p(r) = -3*r**2 + 4*r + 3. Let h(i) = -7*i**2 + 9*i + 5. Let o(j) = -4*h(j) + 9*p(j). Calculate o(0).
7
Let q(w) be the third derivative of w**6/120 + w**5/15 + 5*w**4/24 + w**3/2 + 54*w**2. Determine q(-3).
-3
Let p(m) = -m**2 + 5*m - 6. Let x be 8*((-60)/(-150) + 2/20). Give p(x).
-2
Suppose 4*y = 3*l - 6, -5*y + 5 = -2*l + 16. Let w(r) be the third derivative of -r**5/60 - r**4/12 - r**3/3 - 4*r**2 + 10. Calculate w(y).
-5
Let t(b) be the third derivative of b**7/2520 - b**6/720 + 17*b**4/24 + 12*b**2. Let s(h) be the second derivative of t(h). What is s(0)?
0
Let o(d) be the second derivative of -d**5/20 + d**3/6 + 21*d**2/2 - 78*d. Give o(0).
21
Let k = 65 - 31. Let l(n) = -6 - k*n - n**3 + 0*n**3 - 35*n - 7*n**2 + 68*n. What is l(-7)?
1
Let n(g) = -3 + g**3 - 2*g**2 + 5 + 0*g**2. Suppose 5*d + 2*d - 133 = 0. Suppose 0 = -4*p - d + 31. Determine n(p).
11
Let x(g) = -g**3 + g**2 + g + 15. Let q(k) = -k**2 + 6*k**3 - 5*k**3 + 4*k + 6*k**2. Let h be q(-4). Determine x(h).
15
Let g(u) = -4*u + 1. Let y = -39 + 55. Let k be ((-16)/y)/((-2)/(-36)). Let w be (-1 - -3)*9/k. What is g(w)?
5
Let g(i) = -4*i - 16. Let u be g(-10). Let q = u + -29. Let v(o) = o**3 + 4*o**2 - 2*o - 2. Give v(q).
-17
Let h(o) = 3*o - 1. Let s(y) = y**2 + 5*y. Let n be s(-4). Let a = n + 5. Give h(a).
2
Let a(g) = -3*g**2 - 2*g - 5. Suppose 2069*y = 2066*y - 9. What is a(y)?
-26
Let q = 8 - 5. Let w(j) = -783*j - 170*j**2 - 3 + 169*j**2 + 782*j. Calculate w(q).
-15
Let r(s) = -5*s + 25*s**3 - 43*s**3 + 0*s + 5 + 5*s**2 + 17*s**3. Let u be (-4)/5*10/(-2). Give r(u).
1
Let g(k) = 9*k**3 + 2*k**2 - 1. Let t be 10 - 2 - 0/((-4)/1). Suppose 4*r - h = 0, 17 = -3*r + t*h - 3*h. What is g(r)?
10
Let l be (-32)/(-40)*15/6. Let f(k) be the second derivative of -1/2*k**l + 0 - 6*k - 1/12*k**4 + 1/6*k**3. Calculate f(3).
-7
Let d(b) = 0 - 3 + 96*b - 100*b + 4 + 1. Give d(-3).
14
Let t(j) = j**3 - 16*j**2 - 14*j - 20. Let z(s) = s**2. Let i(v) = t(v) + 3*z(v). Let y be i(14). Let d be (6/5)/(8/y). Let b(x) = -3*x - 2. Give b(d).
7
Let l(a) = a**3 + 4*a**2 - 2. Let r(x) = -x**3 + 4*x**2 - 3*x - 4. Let k be r(2). What is l(k)?
6
Let h = 18 - 22. Let k = h - -4. Let i(v) = v + 5. Determine i(k).
5
Let t(s) be the third derivative of -s**5/60 - s**4/3 + s**3/6 + 17*s**2. What is t(-4)?
17
Let x(y) = -3*y**2 + 2. Let s = -19 - -21. Suppose 5*i - 17 = s*r - 6*r, -4*r + 3*i = 23. What is x(r)?
-10
Let q(i) be the second derivative of i**3/6 - 3*i**2/2 + 2*i. Suppose -5*s + 32 = -7*s. Let o = s + 13. Calculate q(o).
-6
Let d(n) = n + 11 - 2 - 11. Determine d(1).
-1
Suppose -6*u - 8 = -4*u - p, 4*u - 5*p = -28. Let f(y) = 6*y**2 - 2*y + 1. Determine f(u).
29
Let g(f) be the third derivative of f**6/360 + f**5/30 + f**4/8 + 17*f**3/3 + 2*f**2 + 35. Let b(z) be the first derivative of g(z). Determine b(-3).
0
Let x(h) = 7*h**2 - 9*h - 2. Let f(k) = 2*k**2 - 1. Let o(n) = -4*f(n) + x(n). What is o(-10)?
-8
Let w(z) be the first derivative of -17*z**3/6 - 19*z + 12. Let v(q) be the first derivative of w(q). Calculate v(1).
-17
Let k(p) = p**2 + 2*p. Suppose -l - 15*m - 6 = -16*m, 0 = 4*l - m + 12. Calculate k(l).
0
Let k = -509 - -528. Suppose 5*o - 26 = -91. Let m = o + k. Let i(l) = l + 2. Determine i(m).
8
Let m(d) be the first derivative of -d**7/840 + d**6/60 + d**5/15 - d**4/24 - 23*d**3/3 - 14. Let s(i) be the third derivative of m(i). What is s(7)?
6
Let p(w) be the first derivative of -w**4/4 - 7*w**3/3 - 3*w**2 - 182. Let v(u) = -u**3 - u**2 + u - 6. Let l be v(0). Determine p(l).
0
Suppose v - 6 = -11, v + 17 = 2*y. Let w(x) be the third derivative of x**4/12 - 7*x**3/6 + 10*x**2. Give w(y).
5
Let s(b) = 1421*b**2 + 1 - 711*b**2 - 706*b**2 + 3*b + b**3. Give s(-2).
3
Let o(x) = -3*x + 3. Let n be 21/(-4)*(-60)/45. Calculate o(n).
-18
Let j(w) = w**2 + 10*w - 7. Suppose 0 = 4*u - 66 - 46. Suppose 0 = -3*s + 9, 4*b + 2*s + u = -2*s. Determine j(b).
-7
Let o be 1 + 0 - 1*-13. Suppose 2*l = -3*v - 21, 2*v - 6*l + 2*l = -o. Let n(t) be the third derivative of -t**5/60 - t**4/3 - 5*t**3/3 + 8*t**2. Give n(v).
-3
Suppose -3*y = -4*y - 14. Let w = 16 + y. Let v(b) = b + 0 + 2 + 0*b - w*b. Give v(-3).
5
Let p(h) = 24*h - 32. Let n(l) = 11*l - 15. Let y(r) = 13*n(r) - 6*p(r). What is y(1)?
-4
Let u = -14 - -7. Let v = 3 + u. Let n(k) be the first derivative of -k**3/3 - 3*k**2 - 2*k + 2. Determine n(v).
6
Let r(z) = -4*z + 22. Let w = 6 + 1. Let o be r(w). Let i(y) be the second derivative of -y**4/12 - y**3 + 3*y**2 + y. What is i(o)?
6
Let m be 10/35 - (-36)/21. Let q(i) = 15*i - 11*i - 1 + m - 5*i. Let p(v) = -5*v - 1. Let u(l) = -p(l) + 6*q(l). What is u(0)?
7
Let p = 13 - 9. Suppose -h = -3*h - 46. Let o be 1/(p - h/(-6)). Let q(b) = 2*b - 4. What is q(o)?
8
Let i = -124 + 129. Let x be -1*1 - (0 + -3). Let l(t) = -5*t + 0*t**x + 3*t**2 + 2 - 2*t**2. What is l(i)?
2
Let l(z) = -z - 11. Suppose 2 + 19 = 7*o. Suppose -o*h = -h + h. What is l(h)?
-11
Suppose 2*r + 5*m = 2*m + 15, 10 = 2*m. Let o(j) = 21 - 2 - 11 - j. Give o(r).
8
Let q(w) = 4 - 5*w - 1 + 4 - 2. Let z(c) = -c. Let r(g) = -q(g) + 2*z(g). Determi